mon divisor of 12 and n.
6
Let k be (-3)/2 - (-114)/12. Suppose -8*a = -1424 - 880. Suppose -a = -10*r + r. What is the greatest common divisor of k and r?
8
Let s(b) = -12*b - 9. Let y be s(-6). Let l be (1 + -2)/((-17)/119). What is the highest common factor of y and l?
7
Let q = 23 - 18. Suppose 5*j - 75 = -q. What is the greatest common factor of 35 and j?
7
Let p(t) = t**2 - 5*t + 6. Let w be p(5). Let q be (-139)/6 - w/(-36). Let y = q - -39. What is the greatest common factor of y and 144?
16
Let i be (-1026)/(-15) - (102/30 - 3). What is the greatest common factor of 34 and i?
34
Let j = 31 + -22. Suppose 3*v + 6 - j = 0. Suppose 0 = h - 20 + v. What is the greatest common factor of h and 209?
19
Suppose m - 60 = -2*m. Suppose -4*u = 5*j - 65 - 35, 5*u = -5*j + 130. What is the highest common divisor of u and m?
10
Let a be (3/6)/(1/(-12)). Let s be 2*(-9)/a*73. Suppose f = 4*g - s, -2*g - 5*f = 3*g - 255. What is the greatest common factor of g and 81?
27
Suppose 1632 = -6*d + 2*d. Let t = d - -787. Suppose -5*q = -5*u - q + t, -5*u = -3*q - 378. Calculate the greatest common factor of 15 and u.
15
Suppose a = 2*a - 22. Suppose 4 = -3*s + 5*s. Suppose -3*y + 2*j = -167, s*y - j - 113 = 2*j. Calculate the greatest common factor of a and y.
11
Suppose -121 = 3*f + 4*v - 821, 1185 = 5*f + 3*v. Calculate the highest common divisor of 48 and f.
48
Suppose -1032 = -191*o + 179*o. What is the highest common divisor of 2064 and o?
86
Suppose -2*d + 3 + 3 = -u, 3*d = 5*u + 23. Let h = 6 + d. What is the greatest common divisor of h and 49?
7
Let v(x) = -2*x**2 - 30*x - 28. Let w be v(-13). What is the greatest common factor of w and 16?
8
Let r be (37 - (-4 + 5))/(16/8). Calculate the greatest common divisor of 153 and r.
9
Let h(a) = 26*a**3 + a**2 + a - 1. Let w(q) = q**2 - 9*q + 1. Let s be w(9). Let y be h(s). What is the greatest common factor of 9 and y?
9
Let a be (-2)/4*(-4)/2 - -1. Let v be -3*26/(-12)*a. Calculate the highest common divisor of v and 52.
13
Suppose 0 = s - 4*w - 76, 2*s - 4*w + 161 = 293. What is the highest common divisor of 1512 and s?
56
Let o = -37 - -39. Let g be 154/7*(o - 5)/(-6). What is the highest common factor of 11 and g?
11
Let g(r) be the second derivative of r**4/6 - r**3/6 - r**2 + 3*r. Let p be g(4). Calculate the greatest common divisor of 65 and p.
13
Let n be (-96)/((-8)/(-2))*2. Let p be n/(-27) - (-2)/9. Let x = -7 - -11. What is the greatest common factor of x and p?
2
Let t(f) = -2*f**2 + 1. Let k(b) = 10*b**2 + 10*b - 28. Let g(v) = k(v) + 4*t(v). Let d be g(-9). What is the greatest common divisor of 12 and d?
12
Suppose -573*v = -582*v + 1521. What is the highest common divisor of v and 13?
13
Let p be 0/(-2 + 6) - -4. Let j be p*(-4 - 162/(-12)). Suppose 14 = -5*y - 1, 0 = o + 3*y - 10. What is the highest common factor of j and o?
19
Let y(b) = 6*b + 120. Let m be y(-12). What is the greatest common divisor of 64 and m?
16
Let b = 54 - 9. Suppose -4*o = -8, -g + 5*o - 23 + 31 = 0. What is the greatest common factor of b and g?
9
Let z(y) = 48*y - 344. Let b be z(8). What is the greatest common divisor of 8 and b?
8
Let g be (-19)/(950/(-4970)) + (-6)/(-10). Calculate the highest common divisor of g and 325.
25
Suppose -2*v = -0*v - 14. Let k(g) be the second derivative of -g**4/12 - g**3 - g**2 + 9*g. Let s be k(-3). What is the greatest common factor of v and s?
7
Let l(c) = c**3 + 41*c**2 - 45*c + 14. Let d be l(-42). What is the greatest common factor of 105 and d?
35
Suppose 1268 = 135*u - 1297. Suppose 5*y - 380 = y. What is the greatest common divisor of u and y?
19
Let z(s) = 1330*s - 42. Let o be z(1). Calculate the greatest common divisor of 112 and o.
56
Let a(y) = -2*y + 2. Let f be a(-8). Let i(c) = -7*c - 281. Let t be i(-41). Calculate the greatest common divisor of f and t.
6
Let m = 16 + -36. Let a be m/(-30) + (-122)/(-6). Suppose 25 = 2*s - a. What is the highest common factor of s and 207?
23
Suppose 2*p = 5*z + 127, 0*z - z = 2*p - 97. Let g be 1 + 12/2*34/p. Calculate the greatest common factor of 3 and g.
1
Let h = 25 - 81. Let i = 104 + h. What is the highest common factor of 36 and i?
12
Let i = 940 - 620. What is the greatest common divisor of i and 128?
64
Let w = -28 - -40. Let d be 3/w + (-350)/(-8). Suppose 11 = c - 0. What is the greatest common factor of c and d?
11
Let x(t) = 25*t - 27. Let k be x(9). Suppose -7*z + k = 2*z. What is the greatest common divisor of z and 22?
22
Let x(q) = q + 25. Let l be x(-19). Calculate the highest common divisor of 69 and l.
3
Suppose d - 3*d = -3*c + 500, 2*c = 4*d + 328. Suppose -21 = -2*t + t. Calculate the greatest common factor of c and t.
21
Let h(i) = i**3 - 14*i**2 + 12*i + 19. Let y be h(13). Let a = 118 + -64. What is the highest common divisor of y and a?
6
Let a be 0 - (1/(-1) + -14). Let g(s) = s. Let v be g(5). Suppose -75 = -0*b - v*b. Calculate the greatest common factor of b and a.
15
Let v be ((-502)/(-3))/2 + 1/3. Suppose 5*a - v + 44 = 0. Calculate the greatest common factor of 16 and a.
8
Let q be (-518)/4*(-30)/15. What is the greatest common factor of 296 and q?
37
Let x(m) = 17*m**2 - 6*m - 6. Let j be x(-4). Let k = -147 + j. Calculate the highest common divisor of 22 and k.
11
Suppose -126 - 118 = -z. Let r = -1178 - -1728. Let l = r - z. What is the highest common divisor of l and 34?
34
Let s = -134 - 38. Let n = s - -339. Suppose -p = 3*m - 16, -38 + n = 4*p - m. Calculate the greatest common divisor of p and 93.
31
Let g be 8 - (-1)/((-3)/9). Suppose -g*i = -70 - 15. What is the highest common divisor of i and 136?
17
Suppose 198 = -6*f + 36. Let u be 260/45 + 0 + (-6)/f. Calculate the highest common factor of 15 and u.
3
Let n(v) = 6*v**2 - v. Let d(i) = -i**2 - i + 3. Let p be d(-2). Let s be n(p). Calculate the highest common divisor of 35 and s.
5
Let p = 30 + -23. Let g = p - 8. Let r(b) = -4*b + 1. Let y be r(g). Calculate the highest common divisor of 20 and y.
5
Let f(t) = -t**2 - 13*t - 24. Let b be f(-11). Let j be ((-2)/4)/((-2)/(-4)). Let g be b - (3 - 12) - j. What is the greatest common factor of 2 and g?
2
Let y(f) = -2*f + 1. Let m be y(-4). Let n(h) = -2*h + 2. Let s be n(1). Suppose 2*r + 4 = -4, -3*q + r + 85 = s. What is the highest common factor of m and q?
9
Let j = 8 - -80. Calculate the highest common factor of 8 and j.
8
Let w = -312 - -321. What is the highest common divisor of w and 15?
3
Suppose 4*b - 2304 = 3*h, -1728 = -3*b + h + 2*h. What is the highest common divisor of b and 9?
9
Let v = 64 + -62. Calculate the highest common divisor of 86 and v.
2
Suppose -190 = -5*l - 0*l. Let k = 50 - l. What is the highest common divisor of 60 and k?
12
Let a(t) = -16*t + 81. Let g be a(4). What is the highest common factor of g and 289?
17
Let s be (6/4 - 1) + (-1398)/(-4). Calculate the greatest common factor of 14 and s.
14
Suppose 3*y - 70 = -7. Let v be 205*(-4 - y/(-5)). Suppose a - v = -2*a + 5*s, 3 = a + s. Calculate the greatest common factor of 7 and a.
7
Suppose -2*o - o + 4686 = 0. Suppose 0 = -3*f - 2 + o. Suppose 4*w - f = -w + 4*s, w - 3*s - 104 = 0. What is the highest common factor of w and 26?
26
Let r = -61 + 64. Calculate the greatest common factor of r and 72.
3
Let h be (4*6)/((-17)/(-2) - 7). Calculate the highest common factor of h and 176.
16
Let r = 131 - -69. Calculate the highest common divisor of 80 and r.
40
Let t(w) = 66*w - 16. Let k be t(2). Suppose -4*d + 134 = 2*h - k, 200 = 3*d - h. Calculate the highest common factor of 13 and d.
13
Let l(o) = -o**2 - 6*o + 2. Let n be l(-5). Let z(t) = 0*t - 3 + t - 3*t - 4 + t**2. Let f be z(7). Calculate the greatest common divisor of n and f.
7
Let a be 7 + -7 + (8 - (4 + -2)). What is the highest common divisor of a and 24?
6
Suppose -19*q - 32 = -23*q. Calculate the highest common factor of 8 and q.
8
Let n(t) = t**2 + 4*t - 1. Let f be n(3). Let w = -634 + 632. Let y be 15*w/(-24)*f. Calculate the greatest common factor of 25 and y.
25
Suppose -3*k - 4 = -46. Suppose 16 = n - k. Calculate the highest common factor of n and 15.
15
Suppose l = 7 + 7. Let i = 19 - l. Calculate the greatest common factor of 40 and i.
5
Let r(c) be the first derivative of -3*c**4/4 + c**2/2 - 5. Let l be r(-1). Su